igit of 77294?
7
What is the units digit of 5733?
3
What is the hundreds digit of 7093?
0
What is the thousands digit of 1289?
1
What is the thousands digit of 5567?
5
What is the thousands digit of 32006?
2
What is the hundreds digit of 2183?
1
What is the thousands digit of 1354?
1
What is the thousands digit of 3338?
3
What is the hundreds digit of 100866?
8
What is the hundreds digit of 1576?
5
What is the tens digit of 157594?
9
What is the tens digit of 6330?
3
What is the hundreds digit of 707?
7
What is the hundreds digit of 1493?
4
What is the tens digit of 38970?
7
What is the hundreds digit of 2325?
3
What is the units digit of 70200?
0
What is the thousands digit of 14811?
4
What is the tens digit of 885?
8
What is the hundreds digit of 743?
7
What is the ten thousands digit of 20220?
2
What is the hundreds digit of 24461?
4
What is the thousands digit of 1444?
1
What is the tens digit of 23881?
8
What is the tens digit of 13516?
1
What is the tens digit of 6143?
4
What is the hundreds digit of 12278?
2
What is the units digit of 3379?
9
What is the units digit of 77187?
7
What is the units digit of 8860?
0
What is the ten thousands digit of 113584?
1
What is the units digit of 546?
6
What is the hundreds digit of 964?
9
What is the hundreds digit of 7879?
8
What is the units digit of 15767?
7
What is the units digit of 687?
7
What is the hundreds digit of 5944?
9
What is the tens digit of 165?
6
What is the units digit of 17683?
3
What is the hundreds digit of 7174?
1
What is the hundreds digit of 28480?
4
What is the thousands digit of 2850?
2
What is the hundreds digit of 11713?
7
What is the hundreds digit of 222?
2
What is the hundreds digit of 5274?
2
What is the thousands digit of 11702?
1
What is the tens digit of 12866?
6
What is the units digit of 6852?
2
What is the hundreds digit of 531?
5
What is the thousands digit of 81537?
1
What is the tens digit of 36090?
9
What is the units digit of 1655?
5
What is the hundreds digit of 163?
1
What is the ten thousands digit of 36055?
3
What is the thousands digit of 19398?
9
What is the units digit of 14296?
6
What is the units digit of 5975?
5
What is the tens digit of 1479?
7
What is the tens digit of 43071?
7
What is the hundreds digit of 76285?
2
What is the tens digit of 11360?
6
What is the thousands digit of 7715?
7
What is the thousands digit of 5259?
5
What is the units digit of 1878?
8
What is the thousands digit of 3833?
3
What is the thousands digit of 9251?
9
What is the units digit of 1647?
7
What is the thousands digit of 40193?
0
What is the hundreds digit of 4266?
2
What is the hundreds digit of 30745?
7
What is the thousands digit of 5485?
5
What is the thousands digit of 10562?
0
What is the hundreds digit of 3454?
4
What is the units digit of 1549?
9
What is the hundreds digit of 9421?
4
What is the units digit of 73437?
7
What is the units digit of 27869?
9
What is the tens digit of 7202?
0
What is the hundreds digit of 554?
5
What is the ten thousands digit of 66009?
6
What is the units digit of 16955?
5
What is the thousands digit of 4471?
4
What is the tens digit of 32542?
4
What is the hundreds digit of 3728?
7
What is the ten thousands digit of 14369?
1
What is the units digit of 1399?
9
What is the thousands digit of 2229?
2
What is the units digit of 32033?
3
What is the units digit of 951?
1
What is the hundreds digit of 3584?
5
What is the hundreds digit of 91376?
3
What is the thousands digit of 9347?
9
What is the units digit of 87?
7
What is the hundreds digit of 26628?
6
What is the hundreds digit of 1984?
9
What is the ten thousands digit of 16650?
1
What is the units digit of 223?
3
What is the thousands digit of 21796?
1
What is the units digit of 175?
5
What is the thousands digit of 6583?
6
What is the units digit of 92?
2
What is the hundreds digit of 5291?
2
What is the hundreds digit of 126?
1
What is the thousands digit of 1302?
1
What is the ten thousands digit of 14706?
1
What is the hundreds digit of 2287?
2
What is the tens digit of 42232?
3
What is the units digit of 52277?
7
What is the ten thousands digit of 28175?
2
What is the tens digit of 44167?
6
What is the units digit of 7319?
9
What is the ten thousands digit of 11920?
1
What is the tens digit of 4907?
0
What is the thousands digit of 105202?
5
What is the tens digit of 308?
0
What is the ten thousands digit of 28853?
2
What is the thousands digit of 1676?
1
What is the thousands digit of 7146?
7
What is the tens digit of 30297?
9
What is the tens digit of 1862?
6
What is the units digit of 1280?
0
What is the ten thousands digit of 12406?
1
What is the tens digit of 1649?
4
What is the units digit of 12472?
2
What is the ten thousands digit of 35251?
3
What is the units digit of 1372?
2
What is the hundreds digit of 490?
4
What is the tens digit of 601?
0
What is the thousands digit of 91179?
1
What is the hundreds digit of 4750?
7
What is the hundreds digit of 16698?
6
What is the units digit of 29460?
0
What is the hundreds digit of 28458?
4
What is the thousands digit of 4249?
4
What is the tens digit of 127534?
3
What is the units digit of 468?
8
What is the tens digit of 458?
5
What is the hundreds digit of 47764?
7
What is the units digit of 614?
4
What is the tens digit of 5725?
2
What is the hundreds digit of 126338?
3
What is the ten thousands digit of 29721?
2
What is the tens digit of 2149?
4
What is the hundreds digit of 661?
6
What is the hundreds digit of 4428?
4
What is the tens digit of 13484?
8
What is the units digit of 9796?
6
What is the units digit of 29681?
1
What is the units digit of 135871?
1
What is the hundreds digit of 3948?
9
What is the units digit of 27037?
7
What is the units digit of 175?
5
What is the hundreds digit of 19905?
9
What is the units digit of 654?
4
What is the hundreds digit of 1175?
1
What is the thousands digit of 4558?
4
What is the hundreds digit of 417?
4
What is the hundreds digit of 4846?
8
What is the thousands digit of 3291?
3
What is the hundreds digit of 21776?
7
What is the hundreds digit of 1525?
5
What is the units digit of 35093?
3
What is the ten thousands digit of 19187?
1
What is the units digit of 177?
7
What is the units digit of 4995?
5
What is the tens digit of 48604?
0
What is the tens digit of 4607?
0
What is the tens digit of 387?
8
What is the thousands digit of 4872?
4
What is the tens digit of 2846?
4
What is the thousands digit of 1999?
1
What is the tens digit of 3050?
5
What is the thousands digit of 14938?
4
What is the hundreds digit of 551?
5
What is the hundreds digit of 3246?
2
What is the thousands digit of 2953?
2
What is the thousands digit of 33846?
3
What is the hundreds digit of 13890?
8
What is the ten thousands digit of 36718?
3
What is the thousands digit of 13986?
3
What is the units digit of 19901?
1
What is the units digit of 37142?
2
What is the thousands digit of 3264?
3
What is the ten thousands digit of 16682?
1
What is the tens digit of 6035?
3
What is the tens digit of 82293?
9
What is the units digit of 1501?
1
What is the units digit of 55962?
2
What is the tens digit of 54989?
8
What is the tens digit of 422?
2
What is the units digit of 1498?
8
What is the tens digit of 952?
5
What is the ten thousands digit of 15957?
1
What is the hundreds digit of 304?
3
What is the thousands digit of 104586?
4
What is the units digit of 37035?
5
What is the tens digit of 9447?
4
What is the hundreds digit of 5194?
1
What is the thousands digit of 87837?
7
What is the tens digit of 694?
9
What is the tens digit of 979?
7
What is the thousands digit of 44360?
4
What is the units digit of 2765?
5
What is the tens digit of 2844?
4
What is the units digit of 524?
4
What is the hundreds digit of 5705?
7
What is the tens digit of 32354?
5
What is the thousands digit of 5222?
5
What is the tens digit of 44192?
9
What is the hundreds digit of 25784?
7
What is the units digit of 2489?
9
What is the units digit of 624?
4
What is the units digit of 182794?
4
What is the tens digit of 168668?
6
What is the ten thousands digit of 13926?
1
What is the tens digit of 2114?
1
What is the tens digit of 70?
7
What is the thousands digit of 15416?
5
What is the hundreds digit of 107558?
5
What is 